3
Suppose 3 = 3*l - 33. Let d = -96 - l. What are the prime factors of (-2*(-2)/(-8))/(1/d)?
2, 3
Let p = -499 - -499. Suppose p = -9*s + 6*s - 4*h + 3472, s - 1157 = -h. What are the prime factors of s?
2, 17
Let w be -24*(-5 + (-55)/(-10)). What are the prime factors of w/((3/(-153))/(10/12))?
2, 3, 5, 17
Suppose 21*t = 100 - 16. Let a(v) = 7*v**2 + 6*v - 16. List the prime factors of a(t).
2, 3, 5
Let o be (26/(-104))/(1/(-20)). Suppose 3*z - 1373 = -2*b, o*z - 4*b - 104 = 2177. What are the prime factors of z?
457
Let l(n) = 4*n**3 + 3*n**2 + 19*n + 4. Let i be l(8). Let f = -1225 + i. What are the prime factors of f?
1171
Suppose -4*n = 3*h - 54322 - 41017, 5*h = 10*n + 158965. What are the prime factors of h?
3, 5, 13, 163
Let n(x) = -2*x**2 - 25*x + 18. Let y be n(-13). Suppose -51 = -4*a + y. What are the prime factors of a?
2, 7
What are the prime factors of (-252)/(-42) + -4 + 6190?
2, 3, 43
Let l be (-1377)/(-6)*(-1)/(-3)*-4. Let x be (l/(-45))/((-3)/(-90)). Suppose -7*s = -10*s + x. What are the prime factors of s?
2, 17
Let s = -27924 - -50733. What are the prime factors of s?
3, 7603
Suppose 12*z - 67 + 7 = 0. Suppose 3*g + 2362 = z*x, 5*g = -6*x + 11*x - 2370. What are the prime factors of x?
2, 5, 47
Let w(c) = 7*c**2 - 46*c - 44. Let f(g) = -3*g**2 + 23*g + 22. Let y(k) = 9*f(k) + 4*w(k). Let b = 1518 + -1542. What are the prime factors of y(b)?
2, 23
Suppose 23 = 5*t - 2*i, 10*t = 6*t - 3*i + 23. Suppose n - 2*n + 26 = -3*v, -t*v = 4*n + 49. List the prime factors of ((-2)/4)/(v - (-20622)/2292).
191
Let h = 696 + 5273. Suppose h = -10*t + 2159. List the prime factors of 1/(-4)*t + 4/(-16).
5, 19
Let y(a) = 48*a - 56 - 13*a - 174. List the prime factors of y(9).
5, 17
Let u = -2895 + 9720. What are the prime factors of u?
3, 5, 7, 13
Let a = 87 + -93. Let l be (-2)/a + 2/(-6). Suppose 0 = -k - l*k + 29. List the prime factors of k.
29
Suppose -v - 4*f + 2333 = 0, 6904 + 2442 = 4*v + 2*f. What are the prime factors of v?
3, 19, 41
Let j be 75/125 - (-2986)/(-10). Let a = 445 + j. What are the prime factors of a?
3, 7
Let u(k) = 27*k**2 - 2*k - 1. Let y be u(-2). Let w(x) = -12*x**2 + 8*x - 7. Let m be w(2). What are the prime factors of (-6)/m + y/39?
3
List the prime factors of 1*(-4)/(16/(-251796)).
3, 20983
Let f(k) = -2148*k + 8464. List the prime factors of f(-11).
2, 71, 113
What are the prime factors of 2/3 + -2*78631/(-42) - -3?
2, 937
Let c(y) = 60*y**2 + 15*y + 31. What are the prime factors of c(-9)?
2, 29, 41
Let w(n) = 21 - 2 - 27*n**2 + 3 + 58*n**2 + 0 + 11*n. What are the prime factors of w(-3)?
2, 67
Suppose 47*o - 44*o = 5346. List the prime factors of (120/18 - 4)*o/4.
2, 3, 11
Suppose -44*z + 26*z - 72 = 0. Let s(o) = -4*o - 19*o - 6 - 4. List the prime factors of s(z).
2, 41
Suppose 87*u - 2251246 = 56*u - 202*u. What are the prime factors of u?
2, 4831
Suppose 0 = -5*x - 3*l + 36649, 5*x - 5*l - 5135 = 31490. What are the prime factors of x?
2, 229
Let f = -298 + 300. Suppose -d - n = -f*d + 443, 2*n - 1802 = -4*d. What are the prime factors of d?
2, 7
Let r(d) = -23 - 2*d + 156*d - 12*d + 34*d. What are the prime factors of r(4)?
3, 227
Let l(r) = 6*r**2 + 57*r - 9. Let u be l(21). Suppose -8*g + 2*g + u = 0. List the prime factors of g.
3, 71
Let r = -39 - -39. What are the prime factors of (-1988)/(-6)*(3 + 0 + r)?
2, 7, 71
Let y = 72550 - 34151. What are the prime factors of y?
19, 43, 47
Suppose -120 = 3*z + 5*z. Let u(m) = m**3 + 16*m**2 + 3*m + 10. List the prime factors of u(z).
2, 5, 19
Suppose 496*i = 461*i + 114065. List the prime factors of i.
3259
Let z = 37729 - 13461. What are the prime factors of z?
2, 6067
Suppose 6*f - 4*f - 52 = 2*m, 5*f - m - 130 = 0. Suppose 5*g = -8*g + f. Suppose 4*q - 300 = -0*q - k, -g*q + 150 = k. What are the prime factors of q?
3, 5
Let p(f) = 91*f**3 + 13*f**2 + 74*f + 2. Let b be p(-4). List the prime factors of (b/(-25))/(-6)*-35.
7, 197
Let g(q) = 15*q + 17. Let f(n) = 29*n + 34. Suppose 0 = 4*x - 2*x + 3*i - 18, -i = 0. Let h(r) = x*g(r) - 4*f(r). What are the prime factors of h(13)?
2, 3, 11
Let y be (3/(-6))/((26/(-1012))/13). Let q = y - 203. What are the prime factors of q?
2, 5
Let s be (-3094 - 25)*(0 + -1). Suppose -5*m + 20 = 0, 16*x - 19*x = -4*m - s. List the prime factors of x.
5, 11, 19
Suppose -2*o = -3*j - 1337 - 355, -3*j - 1689 = -o. Let z = j - -742. List the prime factors of z.
2, 3, 5
Suppose 3*g + 44110 = 4*f, -2*g + 3798 + 7213 = f. What are the prime factors of f?
73, 151
Let a be 3/2*(14 - (-20462)/39). Suppose -b + 5*f = -a, -2*b + 4*b = f + 1580. What are the prime factors of b?
2, 197
List the prime factors of ((-1)/4 - (-1)/(-2)) + (-2819940)/(-48).
2, 19, 773
List the prime factors of 68/(-4) + 5689 + 20.
2, 1423
Let o = -210 - -400. Suppose -510 = -3*n + z + o, 0 = -2*n - 3*z + 452. What are the prime factors of n?
2, 29
Suppose 15840 = -62*p + 44*p. Let a = 337 - p. List the prime factors of a.
1217
Suppose -18610 = -5*k - 2*q, -5*k + 0*k + 18640 = -4*q. Suppose 0 = -5*o + 7*o - k. List the prime factors of o.
2, 7, 19
Suppose 3*c + 5*g + 4 = 0, -4*c = 4*g + 1 + 15. List the prime factors of (-3)/(-24)*-1 + (-1449)/c.
181
Suppose -3*h - 43363 = -5*w, 16*h - 20*h = 2*w - 17366. What are the prime factors of w?
5, 347
Let u = -1483 - -5427. Suppose -9*w = 3*g - 4*w - 2958, 4*g - u = -4*w. What are the prime factors of g?
2, 17, 29
Let h = 100 + -96. Suppose -p = 5*b - 9, h*p - b - b = 14. Suppose -5*a + 370 = 5*x + 115, 2*x - p*a = 90. What are the prime factors of x?
7
Let p(x) = 3*x - 10 - 4*x + 788*x**2 - 666*x**2 + 4*x. List the prime factors of p(3).
1097
Let l = -2 + -1. Let r be (-32)/l*39/(-26). Let g = 47 - r. List the prime factors of g.
3, 7
What are the prime factors of ((-592658)/(-3410))/(2/930)?
3, 11, 31, 79
What are the prime factors of (12 + (-95)/10)*(-5)/(125/(-492440))?
2, 13, 947
Suppose 6*c - 27 = 81. Let k = c - 15. Suppose 39 = k*g - 147. What are the prime factors of g?
2, 31
Let h be 76/(-5) + (-4)/(-20). Let b be (-6)/h*1/((-2)/(-40)). Suppose b*g = 11*g - 273. List the prime factors of g.
7, 13
Suppose -67*y = -3*y - 7*y - 808260. List the prime factors of y.
2, 5, 709
Suppose -5*n - 20 = -n, -3*n + 87 = v. Let m(b) = b**3 + 8*b + 45. Let j be m(0). Let h = j + v. What are the prime factors of h?
3, 7
Let z be (-1 - (-1 - 1))*-19. Suppose -8*p - 3*d = 119, -8*p = -9*p + 5*d + 12. Let y = p - z. What are the prime factors of y?
2, 3
Let i(n) = 66 + 41 - 2136*n + 2116*n. List the prime factors of i(-10).
307
Let w be (-12 - (-418)/33)/(2/6). Suppose -3*g - g - 5*p + 4100 = 0, p = -w*g + 2044. What are the prime factors of g?
2, 3, 5, 17
Let f be (-1 + 2)/((-1)/160). Suppose -15*s = -34*s - 5757. Let u = f - s. What are the prime factors of u?
11, 13
Suppose -10*v + 6*v = 2*r - 238, 3*r + 2*v - 337 = 0. Suppose -r - 350 = -n. Suppose 0 = 5*x + 4*u - 6*u - 765, 5*u + n = 3*x. What are the prime factors of x?
3, 17
Let m = -20415 + 88622. List the prime factors of m.
68207
Let p = 368 + -369. What are the prime factors of p/(-4*(-8)/(-13984))?
19, 23
Suppose 0 = -603*g + 588*g + 105165. List the prime factors of g.
3, 19, 41
Suppose -554*c - 339 = -557*c + a, 0 = 4*c - a - 451. List the prime factors of c.
2, 7
Suppose 4*u - 7*u = m - 12, -5*m = u + 10. List the prime factors of (-3)/(45/4225)*m.
5, 13
Suppose j = -24*j + 693400. List the prime factors of j.
2, 3467
Suppose 5*r = 1416 + 834. Suppose -3*d + 918 = -r. What are the prime factors of d?
2, 3, 19
Let b(n) = -n**3 - 24*n**2 - n - 49. Let g be b(-24). Let q = 87 + g. What are the prime factors of q?
2, 31
Suppose 8*r + 85 = 3*r. Let c be 0 - (1 - 4) - (25 + r). What are the prime factors of (c/(5/(-3)))/((-6)/(-58))?
29
Let d = 2267 + 1185. List the prime factors of d.
2, 863
Let l be (-62)/5 - (-8)/20. Let m = l + 50. Suppose -35*k = -m*k + 27. List the prime factors of k.
3
Let r = 19372 + -5235. List the prime factors of r.
67, 211
Let d be (-5 - (-46260)/35) + 2/7. Suppose 0 = -t - d + 1916. What are the prime factors of t?
599
Let p = -218 + 231. Suppose p = -3*w + 160. List the prime factors of w.
7
Suppose -4*f + 67 + 325 = 0. Let s = 206 + f. Let z = s + -211. List the prime factors of z.
3, 31
Suppose -101*r - 419184 = -173*r. What a